rd derivative of -s**5/60 - s**4/8 + s**3 - 22*s**2. Give j(-6).
-12
Let b = -22 + 17. Let u(m) = -m**3 - 5*m**2 + 2*m + 6. Give u(b).
-4
Let t(s) = -s**3 - 4*s**2 - s - 2. Suppose -w + 2 + 0 = 0. Suppose 2*g - w*r - 8 = -3*g, 0 = -4*g - 4*r + 12. Let v be (0 + g)*(0 - 2). Calculate t(v).
2
Let y(q) = -q**2 + q + 2. Suppose x = -x + 10. Suppose x*a + 16 = -4*r, -r + 5*r + 16 = -4*a. What is y(a)?
2
Let z(v) be the third derivative of -v**5/30 + v**4/6 - 6*v**2. Suppose -x = -0*x - 3. What is z(x)?
-6
Let w be (-4)/(-6) + 26/6. Let f(z) = 0*z**2 - z**2 - 5*z - w + 0*z**2. Suppose -8 = 2*t + 2. Calculate f(t).
-5
Suppose 6 + 6 = -2*v. Let y(j) = j + 2. What is y(v)?
-4
Let x(b) = b**2 - b + 1. Let n(d) be the first derivative of -14*d**3/3 + 6*d**2 - 12*d + 2. Let p(l) = n(l) + 12*x(l). Determine p(-1).
-2
Let s be 4*2/(-2)*-1. Suppose -x = -s*a + 5 + 6, -3 = -a. Let l(i) be the second derivative of -3*i**5/20 + 9*i. Determine l(x).
-3
Suppose 17 = -5*q + 47. Let o(m) be the third derivative of 0*m + 1/8*m**4 + 1/120*m**q + 0 - 1/6*m**3 - 1/15*m**5 - m**2. Determine o(3).
-1
Suppose 5*k + 4*z + 7 = 0, 5 + 1 = -2*z. Suppose -d = -k - 2. Let j(p) = -2*p**2 + 6*p - 9. Let h(c) = c**2 - 3*c + 4. Let x(f) = -9*h(f) - 4*j(f). Give x(d).
0
Let t be 0/((-1)/(-1) + -2). Let a = -1 + t. Let z(s) = 3*s - 1. Let w(i) = i + 1. Let h(k) = a*z(k) + 2*w(k). What is h(4)?
-1
Let y(x) = 3*x**2 - 3 - 8*x - 2*x**2 + 9*x + 4. What is y(3)?
13
Let w(i) = i + 3. Suppose 0 = d + 3*a - 0*a - 16, 0 = -5*d + 4*a + 4. Calculate w(d).
7
Let b(x) = -3*x**2 + 1 - 4*x - 1. Let c(i) = -i**2 - 8*i - 3. Let n be c(-7). Let y(j) = -4*j**2 - 5*j. Let d(s) = n*y(s) - 5*b(s). Give d(1).
-1
Let c(s) be the third derivative of s**6/120 - s**5/60 + s**4/24 - s**3/6 + 4*s**2 + 2*s. Let b(x) = 5*x - 4*x + 0*x - 5. Let l be b(6). Give c(l).
0
Let g = -7 + 3. Suppose -2*v - 12 = 2*v. Let t(x) = x - 2. Let y(w) = -w + 2. Let o(u) = v*y(u) - 2*t(u). Calculate o(g).
-6
Suppose -3*u - 2*p = 25, -17 = 3*u - p - p. Let x(w) = -w - 9. What is x(u)?
-2
Suppose 4 = 2*a - a. Let h(w) = -a - 3 + 0 - 5*w - w**2. Let m be (-3)/(1*-3)*-5. What is h(m)?
-7
Suppose 18 - 14 = -2*v. Let w(r) = -r**3 - 2*r**2 + r + 1. Calculate w(v).
-1
Let f(r) be the first derivative of r**2 + 6*r - 4. Let n be f(-6). Let j be n/5*10/(-4). Let d(h) = -3*h. Give d(j).
-9
Suppose 0*k = 3*k + m - 18, -5*k + 30 = m. Let f(z) = -z**2 + 7*z + 3. What is f(k)?
9
Suppose 7*b - 15 = 5*u + 2*b, 4*b = -5*u + 12. Let m be -1*(u - -1)/1. Let d(f) be the second derivative of 7*f**5/20 - f**3/6 + f + 10. Calculate d(m).
-6
Let p(q) = -7 + 3 + 4 - q - q**2. Give p(-3).
-6
Let u(c) = -c**2 + 5*c + 7. Let b be u(6). Suppose -2*p + 5 = 5*w - b, -2*w - 3*p - 2 = 0. Let x(f) = 0*f - f**2 - 3 + 0*f + 2*f + 0. Determine x(w).
-3
Let q be (-14)/(-63) + (-43)/(-9). Let a(n) = n**3 - 7*n**2 + 8*n - 5. Give a(q).
-15
Let d = 7 + -14. Let o(u) = u**2 + 7*u - 5. What is o(d)?
-5
Let s(b) = -b**2 - 2. Let g be s(2). Let i(l) = l + 6. Calculate i(g).
0
Let q(f) = -70*f + 5 + 1 + 71*f. Let j(y) = y**3 + y**2 - 4*y. Let z be j(-3). Calculate q(z).
0
Let h(g) = -g**3 + 3*g**2 - 2*g + 1. Let u = -6 + 7. Let y be h(u). Let k(d) = -5*d - 1. Calculate k(y).
-6
Suppose -2*f + 2*m = -14, 3*m - 4 - 5 = -3*f. Let t(h) = -h + 7. Determine t(f).
2
Let s(p) = -p**2 + 4. Let d(y) be the third derivative of -y**6/120 + y**5/15 - y**4/8 - 2*y**3/3 + 3*y**2. Let r be d(3). Determine s(r).
-12
Let z(i) = -1 + 0*i + 4*i**2 + 2*i**2 - i. Suppose 4*d + 4 + 0 = 0. Give z(d).
6
Let z(m) = -m**2 + 7*m - 4. Let s(f) = 5*f + 1. Let o be s(1). Calculate z(o).
2
Let l(d) = -4*d + 1. Suppose 10*s + 1 = 9*s. What is l(s)?
5
Suppose 4*f = 7 + 9. Let v(w) = -w**2 + w + f - 2*w - 3*w. Determine v(-4).
4
Let p(c) = c**2 + c - 1. Let w be ((-1)/(-2))/(3 + (-10)/4). Determine p(w).
1
Suppose 0 = 57*f - 62*f - 5. Let c(h) be the second derivative of -5*h**3/2 + h**2/2 - 2*h. Give c(f).
16
Let s be 34/(-4) + (-6)/(-4). Let g(r) = r**2 + 6*r - 10. Let a be g(s). Let n(c) = -c**3 - 3*c**2 - c + 3. Give n(a).
6
Let u(b) = b**3 + 2*b**2 - 5*b - 4. Let y be u(-3). Suppose 5 - 3 = -y*o. Let r(m) = -7*m**2. Calculate r(o).
-7
Suppose -25 = -5*j, -2 - 8 = -2*g - 4*j. Let q = 0 + g. Let x(r) = -1. Let s(b) = -b - 13. Let n(o) = -2*s(o) + 22*x(o). Give n(q).
-6
Let f(t) = t**3 + 10*t**2 - 3*t - 9. Let b(r) = r**3 + 11*r**2 - 3*r - 10. Let d(m) = -4*b(m) + 5*f(m). What is d(-6)?
13
Let b = 131 + -131. Let z(s) = 3 + s**2 + s - 1 - s**3 + 1. Calculate z(b).
3
Let c(q) be the second derivative of -q**5/20 - q**4/3 + q**3/3 + q**2/2 - 15*q. Suppose -5*f = -5*w - 55, 0*w - 28 = -2*f + 4*w. Let n = f + -12. What is c(n)?
-7
Let x(y) be the second derivative of y**4/12 - y**3/6 - y**2/2 + y. What is x(-1)?
1
Let j(r) = -r**3 + 4*r + 4. Let n be j(-2). Let k(y) = 1 - 3*y**2 + 2*y - 2*y**2 + n*y**3 + 5*y**2. Give k(-1).
-5
Let r(i) = i**3 + 5*i**2 + i + 4. Let t be ((-54)/(-45))/((-46)/20 + 2). Give r(t).
16
Suppose -4*n - 17 = 15. Let w(h) = h**3 + 8*h**2 - h + 3. Give w(n).
11
Let m(f) = f**2 + 5*f - 1. Let b(x) be the third derivative of x**4/24 - x**3/6 - x**2. Let w be b(6). Suppose w*c + 5*k + 50 = 0, -5*c + 5*k = -0*c. Give m(c).
-1
Let v = 40 - 72. Let p be v/6 + (-4)/6. Let h(i) = -i**2 + 6*i + 8. Let k(s) = -5*s**2 + 24*s + 33. Let g(n) = -9*h(n) + 2*k(n). Determine g(p).
-6
Suppose 4*u - u + 15 = 0. Let y(d) = -2*d - 9. Let i(h) be the third derivative of -h**4/24 - 4*h**3/3 + 2*h**2. Let q(s) = u*i(s) + 4*y(s). Give q(3).
-5
Suppose -5*j - 15 = -d, 0*j = 4*j + 8. Suppose q - 12 = 5*a - a, -30 = d*a - 5*q. Let g be (-10)/4 + a/(-4). Let c(r) = -2*r**3 - r**2 + 2*r. What is c(g)?
8
Let r(x) = -4*x**3 + 2*x**2 + 3*x - 1. Let q(p) = 3*p**3 - 2*p**2 - 2*p. Let m(j) = -3*q(j) - 2*r(j). Let t be (-2)/(0 + 2) + 3. Calculate m(t).
2
Let n(b) = -3*b - 1. Let w be n(1). Let u(r) = -5*r**2 - 3*r - 5 + 5*r**3 + 3 - 6*r**3. Give u(w).
-6
Let o = 12 - 7. Suppose 0 = 5*l - 0*l - o*f + 20, -f = -5. Let c(v) = -v + 1. Give c(l).
0
Let g = 13 + -9. Let o(w) = w**2 - 6*w + 3. Let s be o(6). Let d(l) = 5 + 1 - l - g*l - 6*l**2 - l**s. Determine d(-5).
6
Let h(t) be the second derivative of 7*t**4/24 - t**3/6 + 2*t**2 + 4*t. Let s(l) be the first derivative of h(l). Determine s(1).
6
Let k(t) = t**2 + t - 1. Let c = 21 + -15. Let s(v) = 5*v**2 + 4*v - 8. Let p(u) = c*k(u) - s(u). Determine p(-3).
5
Let d(s) = -3*s - 9 + 12*s + s - 56*s**3 + 57*s**3 - 9*s**2. Give d(8).
7
Let x(h) = h**2 - 3*h + 3. Let k be x(2). Let p be (k + 0)*(-4 + 1). Let m(c) = 0*c**3 - c**3 - 2*c**2 + 0*c**3 - 3. Determine m(p).
6
Let b(d) = d + 7. Let s(r) = r**2 - 6*r - 7. Suppose -2*o = -o + 7. Let z = 0 - o. Let v be s(z). Give b(v).
7
Let o(q) = 2*q + q**3 + q**2 + q - 2*q. Let l(x) = -x**2 + 7*x - 8. Let m(c) = -c**2 + 7*c - 7. Let s(w) = -3*l(w) + 2*m(w). Let n be s(5). Calculate o(n).
0
Let j(h) be the second derivative of h**5/60 - h**4/4 + h**3/3 - 3*h**2 + 5*h. Let v(o) be the first derivative of j(o). Determine v(5).
-3
Suppose -3*k - 5*k = 40. Let y(s) = -s**2 - 5*s - 6. Determine y(k).
-6
Suppose -3*f - 25 = -8*f. Suppose 0*v = f*v - 20. Let g(h) = 0*h - 10*h + 0 + 3 + 9*h. Give g(v).
-1
Suppose -z = 0, -m + z = 2*z - 5. Let g(h) be the third derivative of -1/6*h**3 + 0 - 2*h**2 + 0*h**4 + 0*h + 1/30*h**m. Give g(2).
7
Let l(s) be the first derivative of -s**3/3 + s**2 + 2*s - 4. Let u be ((-4)/(-6))/((-10)/30). What is l(u)?
-6
Let n be (-1 - 3)/(1 + 0). Let q be (-2 - n)*-1 + -1. Let a(p) = 5*p**2 - 7*p + 7. Let s(f) = -2*f**2 + 3*f - 3. Let i(k) = q*a(k) - 7*s(k). Give i(-1).
-1
Let t(k) = -7*k**3 + 2*k - 1. Let y be (-1 - -4)*(-1 - 8/(-6)). What is t(y)?
-6
Let g(z) = -47*z + 44*z - 3*z**2 + 3 - 3. Suppose -t - 4*a = -19, -8 = 5*t + 4*a - 39. Suppose -2*x = t*x + 10. Determine g(x).
-6
Let b be 18/(-9) - ((-6 - -1) + 1). Let o(i) be the first derivative of b + 2*i - 1/2*i**2. Determine o(-2).
4
Let q(l) = -l**3 + l**2 - l + 1. Suppose -4*u + 5*w = -32, 2*u - 3*w + 0*w = 18. Let t(v) = v**3 - 4*v**2 + 3*v + 1. Let n be t(u). Determine q(n).
0
Let w(x) = -4*x + x - 3 + x**2 - 3*x. Suppose -8*h = 12*h - 60. Give w(h).
-12
Let c(z) be the third derivative of -z**5/60 + z**4/8 - z**3 + 17*z**2. Give c(5).
-16
Suppose 0 = -2*q + 3 